 remainder when d is divided by 320/24 + 2/(-6).
11
Suppose 1 = 3*a - 26. Suppose 7*y - 3*y = -2*h + 18, -5*y - 5 = -3*h. Suppose h*l - 126 = 2*l. What is the remainder when l is divided by a?
6
Let k = 16 + -16. Suppose 4*l - 3 = n, k = -4*n + 4*l + 42 + 6. What is the remainder when n is divided by (-2)/6 - 28/(-3)?
8
Let z = 3207 - 2694. What is the remainder when z is divided by 85?
3
Suppose 880 = -5*b - 3*t + 2565, 2*b - 683 = -3*t. What is the remainder when b is divided by 13?
9
Let m(h) = -h**3 - 6*h + 9. Let a be m(5). Let u be 10/20 - a/(-4). Let i = u - -60. What is the remainder when 45 is divided by i?
21
Let h = 12 + 35. Let u = 57 - h. Calculate the remainder when 46 is divided by u.
6
Let n(k) = 3*k**3 + 3*k**2 - 2*k. Let m = 15 - 13. Let l be n(m). Let g = l + -23. What is the remainder when 51 is divided by g?
6
Suppose -3*g + 264 = 135. What is the remainder when g is divided by 24?
19
Let u = 19 - -13. Let z = 26 - -2. Let m = -17 + z. What is the remainder when u is divided by m?
10
Let d(t) = 3*t - 55. Calculate the remainder when 262 is divided by d(36).
50
Let d = 814 - 796. What is the remainder when 300 is divided by d?
12
Suppose -3*k + o + 109 = 0, 5*k - 85 = -o + 110. Calculate the remainder when 260 is divided by k.
32
Suppose 0 = -7*u - 597 + 58. Let f = u - -86. What is the remainder when 42 is divided by f?
6
Let z(q) be the second derivative of q**3/3 - 4*q**2 - 2*q. Let i be z(6). Suppose -f + 45 = i*f. What is the remainder when f is divided by 3?
0
Let p(n) be the first derivative of -3*n**2 + 2 + 0 - 4 - 3*n. What is the remainder when p(-5) is divided by 10?
7
Let l = 49 - 45. What is the remainder when -1 - -81 - (0 - l) is divided by 17?
16
Suppose -22*h + 13*h + 306 = 0. What is the remainder when 235 is divided by h?
31
Suppose 12*a + 2*c = 13*a - 36, 4*a = 5*c + 159. What is the remainder when 273 is divided by a?
43
Let f = 33 + -30. Let a(u) = u**2 + 3*u + 7. Let t(g) = -1. Let n(d) = a(d) + 4*t(d). What is the remainder when n(-4) is divided by f?
1
Let w(o) = -o**2 + 2*o + 19. Let u be w(5). Calculate the remainder when 50 is divided by (17/(-3))/(u/(-12)) + -2.
5
Let d = 189 - 164. What is the remainder when 90 is divided by d?
15
Suppose -33 = -m + 10. Calculate the remainder when 162 is divided by m.
33
Let n(t) = -7*t + 10. Let a = 124 - -133. Calculate the remainder when a is divided by n(-6).
49
Let j(b) = b**3 - 7*b**2 + 6*b - 3. Let u be j(6). Calculate the remainder when 8 is divided by (u*16/4)/(-2).
2
Calculate the remainder when 187 is divided by 6*13/(-390) + 92/10.
7
Let m(s) = -s + 15. What is the remainder when 67 is divided by m(-2)?
16
Let z be 90/(-20)*(-4)/6. Suppose -121 = -z*t - 46. Suppose -3*u - 9 = 0, 4*c = 2*u + 37 - 3. What is the remainder when t is divided by c?
4
Let r = -2 + 20. Let v be 3/(-2) + 1239/(-6). Calculate the remainder when (v/(-20))/((6/(-10))/(-3)) is divided by r.
16
Suppose 5*p - 3*y = 69, -3*y + 0*y - 24 = -2*p. Let l = 36 - p. Calculate the remainder when 8 is divided by l/4 - 5/20.
3
Let r = -13 - -13. Suppose -o + 45 = d - r*o, -5*d + 4*o = -180. Calculate the remainder when d is divided by 21.
19
Suppose 7*c - c - 1398 = 0. What is the remainder when c is divided by 30?
23
Suppose -2*w - 459 = -5*w. Let c = -580 - -619. Calculate the remainder when w is divided by c.
36
Suppose -7*b + 4*b + 92 = m, 5*m - 3*b = 424. Calculate the remainder when 508 is divided by m.
78
Suppose 3*m = 45 + 12. Let p(n) = -n - 5. Let q be p(-7). Suppose -q*f + 3*x = -127, -2*f = x - 5*x - 132. What is the remainder when f is divided by m?
18
Let g(b) = -b**3 - b**2 + 35. Suppose -30 = 5*f + 2*m, -2*f - 4*m - 6 = 6. Let z = 6 - f. Calculate the remainder when g(0) is divided by z.
11
Let g = 5 - 7. Suppose -2*q = -u + 8 + 40, -5*q = u - 41. Calculate the remainder when u is divided by g/5 - 82/(-5).
14
Let a = 11 - -217. What is the remainder when a is divided by (231/14)/(-6 - 78/(-12))?
30
What is the remainder when 12 is divided by (-46)/207 + (-47)/(-9)?
2
Suppose 2 = -z - 0. Let u(j) = j**3 + j**2 - 2*j - 2. Let x be u(z). Let g(h) = 2*h**2 + h + 2. Calculate the remainder when 14 is divided by g(x).
6
Suppose -4115 = -60*j + 12985. Calculate the remainder when j is divided by 108.
69
Suppose 764 = 7*j - 125. What is the remainder when j is divided by 44?
39
Let k = 583 + -522. Calculate the remainder when k is divided by 9.
7
Let i(d) = -d**2 - 16*d - 12. Let u be i(-12). What is the remainder when 53 is divided by u/2 - 3/(-6)*-6?
8
Let b = 186 + -105. Calculate the remainder when 226 is divided by b.
64
Let a = -2748 - -2954. What is the remainder when a is divided by 37?
21
Suppose 5*d - 5*h = 80, -3*d + 5*d + 5*h - 46 = 0. Calculate the remainder when 447 is divided by d.
15
Suppose -46 = -7*s - 4. Calculate the remainder when 3/(-3) - 2/(2/(-11)) is divided by s.
4
Suppose 0 = -19*r + 21*r + 78. Let x = 56 + r. What is the remainder when x is divided by 5?
2
Let l = 27 + -27. Suppose -2*i + 43 + 29 = l. Calculate the remainder when 141 is divided by i.
33
Let w = 528 + -233. Suppose -252 = -4*d - 2*v - 2*v, 5*d + v = w. Calculate the remainder when d is divided by 15.
13
Let c = 1057 - 708. What is the remainder when c is divided by 59?
54
Let r = -29 - -27. What is the remainder when 1 + 2 + r + 42 is divided by 22?
21
Let p = 1212 - 829. What is the remainder when p is divided by 13?
6
Suppose -3*v - 2*q = 180 + 79, 0 = 5*q - 5. Let o = v - -107. Calculate the remainder when 39 is divided by o.
19
Suppose 5*z = -5*h + 1595, 62 - 381 = -z + 4*h. Suppose -83 = -6*l + z. Calculate the remainder when l is divided by 14.
11
Let s(r) = 44*r**2 - 3*r + 6. Calculate the remainder when s(-2) is divided by 24.
20
Suppose 5*a - 6*a + 3*c + 61 = 0, -4*c - 124 = -2*a. What is the remainder when a is divided by 28?
8
Let x(k) = -32 + 3*k + k + 6*k + 22. Suppose -3*q + 2 + 10 = 0. Calculate the remainder when x(q) is divided by 8.
6
Let w = 106 + -104. What is the remainder when 22 is divided by w?
0
Suppose 5 = 8*w - 11. What is the remainder when (-855)/(-21) + w/7 is divided by 11?
8
Let r(b) = 3*b + 25. Let d(i) = 2*i**3 - 3*i**2 - i + 2. What is the remainder when d(2) is divided by r(-7)?
0
Suppose -a = 4*a - 4*o - 83, -4*a + 79 = o. Suppose -5*h - 6 - 2 = -3*w, 4*w + 3*h - 59 = 0. Calculate the remainder when a is divided by w.
8
Let b be (-4)/(-12) - 1/((-6)/184). Let u = b - 11. Calculate the remainder when u is divided by 8.
4
Calculate the remainder when 120 is divided by ((-6)/(-8))/(5*(-10)/(-3400)).
18
Let t = -190 + 323. Suppose -4*f + 2*r + 84 = -f, 5*f - r - t = 0. Calculate the remainder when f is divided by 17.
9
Suppose -120 = -4*l - 2*i, 0 = -2*i - 0*i. What is the remainder when 125 is divided by l?
5
Suppose -16*b + 1287 = -425. Calculate the remainder when b is divided by 27.
26
Let m be (0 - 1) + -7 + -1. Let h = -3 - m. Let c = h + -1. What is the remainder when 8 is divided by c?
3
Suppose 5*h - 45 = -a - 14, 4*h = 5*a - 213. Suppose u + 3*o = a, 2*o - 98 = -3*u + 18. Calculate the remainder when u is divided by 14.
10
Let g = 15 - 33. Let w be (g/(-8))/(3/36). Suppose 4*k - w = 29. What is the remainder when 39 is divided by k?
11
What is the remainder when (-10013)/(-85) + (-2)/(-10) is divided by 30?
28
Let w(k) = k**3 + 8*k**2 - 2*k - 9. Let t(u) = -u**3 - 2*u**2 + u - 8. Calculate the remainder when t(-4) is divided by w(-8).
6
What is the remainder when 18*((-15)/2)/(-15) is divided by (8/(-3))/(2/(-3))?
1
Let q(m) = -m**3 - 5*m**2 + 2*m. Let i be q(-4). Let v be 48/(-1)*(i + -2). What is the remainder when (-2)/7 - v/(-56) is divided by 6?
4
Suppose -c - 3*n = c + 2, -n - 12 = -5*c. Suppose 4*z - x = 168, 2*z - z - 35 = c*x. Calculate the remainder when 168 is divided by z.
39
Suppose 0 = -4*w + 4*n + 248, 0 = -5*w + 4*n + 77 + 226. Calculate the remainder when w is divided by (-134)/(-8) + 1/4.
4
Let o(u) = u + 1. Let s be o(-5). Calculate the remainder when 9/6 + (-202)/s is divided by 14.
10
Suppose -2*x + 5 = -3*g + 4, 2*g = 10. Calculate the remainder when 55 is divided by x.
7
Let f = 12 + 1. Let g = 4272 + -4234. Calculate the remainder when g is divided by f.
12
Suppose 0 = 5*z - 92 + 12. Suppose -4*k - u = -9*k - 37, -3*u